{"id":721,"date":"2020-11-17T22:20:13","date_gmt":"2020-11-17T22:20:13","guid":{"rendered":"http:\/\/mrpseries.com\/?page_id=721"},"modified":"2020-11-18T10:54:41","modified_gmt":"2020-11-18T10:54:41","slug":"episode-5-3d-archaeology","status":"publish","type":"page","link":"https:\/\/mrpseries.com\/wordpress\/episode-5-3d-archaeology\/","title":{"rendered":"Episode 5: 3D Archaeology"},"content":{"rendered":"\t\t<div data-elementor-type=\"wp-page\" data-elementor-id=\"721\" class=\"elementor elementor-721\">\n\t\t\t\t\t\t<div class=\"elementor-inner\">\n\t\t\t\t<div class=\"elementor-section-wrap\">\n\t\t\t\t\t\t\t\t\t<section class=\"elementor-section elementor-top-section elementor-element elementor-element-2b69d6a elementor-section-boxed elementor-section-height-default elementor-section-height-default\" data-id=\"2b69d6a\" data-element_type=\"section\">\n\t\t\t\t\t\t<div class=\"elementor-container elementor-column-gap-default\">\n\t\t\t\t\t\t\t<div class=\"elementor-row\">\n\t\t\t\t\t<div class=\"elementor-column elementor-col-100 elementor-top-column elementor-element elementor-element-432c6f8\" data-id=\"432c6f8\" data-element_type=\"column\">\n\t\t\t<div class=\"elementor-column-wrap elementor-element-populated\">\n\t\t\t\t\t\t\t<div class=\"elementor-widget-wrap\">\n\t\t\t\t\t\t<div class=\"elementor-element elementor-element-e2262d1 elementor-widget elementor-widget-text-editor\" data-id=\"e2262d1\" data-element_type=\"widget\" data-widget_type=\"text-editor.default\">\n\t\t\t\t<div class=\"elementor-widget-container\">\n\t\t\t\t\t\t\t\t<div class=\"elementor-text-editor elementor-clearfix\">\n\t\t\t\t<p><span style=\"font-weight: 400;\"><img loading=\"lazy\" class=\"size-medium wp-image-516 alignleft\" src=\"http:\/\/mrpseries.com\/wordpress\/wp-content\/uploads\/2020\/11\/Episode-5_vr-headset-300x169.png\" alt=\"\" width=\"300\" height=\"169\" srcset=\"https:\/\/mrpseries.com\/wordpress\/wp-content\/uploads\/2020\/11\/Episode-5_vr-headset-300x169.png 300w, https:\/\/mrpseries.com\/wordpress\/wp-content\/uploads\/2020\/11\/Episode-5_vr-headset-1024x576.png 1024w, https:\/\/mrpseries.com\/wordpress\/wp-content\/uploads\/2020\/11\/Episode-5_vr-headset-768x432.png 768w, https:\/\/mrpseries.com\/wordpress\/wp-content\/uploads\/2020\/11\/Episode-5_vr-headset-1536x864.png 1536w, https:\/\/mrpseries.com\/wordpress\/wp-content\/uploads\/2020\/11\/Episode-5_vr-headset-2048x1152.png 2048w\" sizes=\"(max-width: 300px) 100vw, 300px\" \/>The MRP team learns about <\/span><span style=\"font-weight: 400;\">\u00c7atalh\u00f6y\u00fck<\/span><span style=\"font-weight: 400;\">, a Neolithic settlement excavation site for archeologists, and how the <\/span><span style=\"font-weight: 400;\">\u00c7atalh\u00f6y\u00fck<\/span><span style=\"font-weight: 400;\"> research project pioneered many of the standard practices of 3D archeology. 3D archeology includes digitizing artifacts, rooms, and even entire excavation sites to build extensive databases for future research. <\/span><\/p><p><span style=\"font-weight: 400;\"><img loading=\"lazy\" class=\"size-medium wp-image-599 alignright\" src=\"http:\/\/mrpseries.com\/wordpress\/wp-content\/uploads\/2020\/11\/Episode-5_catal-dig-300x169.png\" alt=\"\" width=\"300\" height=\"169\" srcset=\"https:\/\/mrpseries.com\/wordpress\/wp-content\/uploads\/2020\/11\/Episode-5_catal-dig-300x169.png 300w, https:\/\/mrpseries.com\/wordpress\/wp-content\/uploads\/2020\/11\/Episode-5_catal-dig-1024x576.png 1024w, https:\/\/mrpseries.com\/wordpress\/wp-content\/uploads\/2020\/11\/Episode-5_catal-dig-768x432.png 768w, https:\/\/mrpseries.com\/wordpress\/wp-content\/uploads\/2020\/11\/Episode-5_catal-dig-1536x864.png 1536w, https:\/\/mrpseries.com\/wordpress\/wp-content\/uploads\/2020\/11\/Episode-5_catal-dig-2048x1152.png 2048w\" sizes=\"(max-width: 300px) 100vw, 300px\" \/>The 3D <\/span><span style=\"font-weight: 400;\">\u00c7atalh\u00f6y\u00fck<\/span><span style=\"font-weight: 400;\"> Conference takes place at VMASC, the Virginia Modeling Analysis and Simulation Center, and different researchers share their 3D graphics and visualizations of the archaeological site. 3D modeling allows these researchers to rebuild archeological sites and record pertinent data. <\/span><\/p><p><span style=\"font-weight: 400;\"><img loading=\"lazy\" class=\"size-medium wp-image-607 alignleft\" src=\"http:\/\/mrpseries.com\/wordpress\/wp-content\/uploads\/2020\/11\/Episode-5_vr-headset-2-300x169.png\" alt=\"\" width=\"300\" height=\"169\" srcset=\"https:\/\/mrpseries.com\/wordpress\/wp-content\/uploads\/2020\/11\/Episode-5_vr-headset-2-300x169.png 300w, https:\/\/mrpseries.com\/wordpress\/wp-content\/uploads\/2020\/11\/Episode-5_vr-headset-2-1024x576.png 1024w, https:\/\/mrpseries.com\/wordpress\/wp-content\/uploads\/2020\/11\/Episode-5_vr-headset-2-768x432.png 768w, https:\/\/mrpseries.com\/wordpress\/wp-content\/uploads\/2020\/11\/Episode-5_vr-headset-2-1536x864.png 1536w, https:\/\/mrpseries.com\/wordpress\/wp-content\/uploads\/2020\/11\/Episode-5_vr-headset-2-2048x1152.png 2048w\" sizes=\"(max-width: 300px) 100vw, 300px\" \/>The MRP team experiments with different 3D technologies and learns more about what 3D modeling has to offer. The MRP team members and consulting archaeologists enter \u201cThe Cave,\u201d a wraparound simulation space projecting a digitized representation of <\/span><span style=\"font-weight: 400;\">\u00c7atalh\u00f6y\u00fck<\/span><span style=\"font-weight: 400;\">, and work alongside the archaeologists to better understand how simulation and modeling informs the field of archeology. The researchers reflect on how simulation has expanded the world of archeology and made the history of <\/span><span style=\"font-weight: 400;\">\u00c7atalh\u00f6y\u00fck<\/span><span style=\"font-weight: 400;\"> more accessible.<img loading=\"lazy\" class=\"size-medium wp-image-606 alignright\" src=\"http:\/\/mrpseries.com\/wordpress\/wp-content\/uploads\/2020\/11\/Episode-5_smell-300x169.png\" alt=\"\" width=\"300\" height=\"169\" srcset=\"https:\/\/mrpseries.com\/wordpress\/wp-content\/uploads\/2020\/11\/Episode-5_smell-300x169.png 300w, https:\/\/mrpseries.com\/wordpress\/wp-content\/uploads\/2020\/11\/Episode-5_smell-1024x576.png 1024w, https:\/\/mrpseries.com\/wordpress\/wp-content\/uploads\/2020\/11\/Episode-5_smell-768x432.png 768w, https:\/\/mrpseries.com\/wordpress\/wp-content\/uploads\/2020\/11\/Episode-5_smell-1536x864.png 1536w, https:\/\/mrpseries.com\/wordpress\/wp-content\/uploads\/2020\/11\/Episode-5_smell-2048x1152.png 2048w\" sizes=\"(max-width: 300px) 100vw, 300px\" \/><\/span><\/p>\t\t\t\t\t<\/div>\n\t\t\t\t\t\t<\/div>\n\t\t\t\t<\/div>\n\t\t\t\t<section class=\"elementor-section elementor-inner-section elementor-element elementor-element-c1d4d76 elementor-section-boxed elementor-section-height-default elementor-section-height-default\" data-id=\"c1d4d76\" data-element_type=\"section\">\n\t\t\t\t\t\t<div class=\"elementor-container elementor-column-gap-default\">\n\t\t\t\t\t\t\t<div class=\"elementor-row\">\n\t\t\t\t\t<div class=\"elementor-column elementor-col-50 elementor-inner-column elementor-element elementor-element-faee1a7\" data-id=\"faee1a7\" data-element_type=\"column\">\n\t\t\t<div class=\"elementor-column-wrap elementor-element-populated\">\n\t\t\t\t\t\t\t<div class=\"elementor-widget-wrap\">\n\t\t\t\t\t\t<div class=\"elementor-element elementor-element-c168e17 elementor-view-default elementor-widget elementor-widget-icon\" data-id=\"c168e17\" data-element_type=\"widget\" data-widget_type=\"icon.default\">\n\t\t\t\t<div class=\"elementor-widget-container\">\n\t\t\t\t\t<div class=\"elementor-icon-wrapper\">\n\t\t\t<a class=\"elementor-icon\" href=\"https:\/\/mrpseries.com\/episode-4-modeling-religious-violence\/\">\n\t\t\t<i aria-hidden=\"true\" class=\"far fa-arrow-alt-circle-left\"><\/i>\t\t\t<\/a>\n\t\t<\/div>\n\t\t\t\t<\/div>\n\t\t\t\t<\/div>\n\t\t\t\t\t\t<\/div>\n\t\t\t\t\t<\/div>\n\t\t<\/div>\n\t\t\t\t<div class=\"elementor-column elementor-col-50 elementor-inner-column elementor-element elementor-element-87c6417\" data-id=\"87c6417\" data-element_type=\"column\">\n\t\t\t<div class=\"elementor-column-wrap elementor-element-populated\">\n\t\t\t\t\t\t\t<div class=\"elementor-widget-wrap\">\n\t\t\t\t\t\t<div class=\"elementor-element elementor-element-2ed513f elementor-view-default elementor-widget elementor-widget-icon\" data-id=\"2ed513f\" data-element_type=\"widget\" data-widget_type=\"icon.default\">\n\t\t\t\t<div class=\"elementor-widget-container\">\n\t\t\t\t\t<div class=\"elementor-icon-wrapper\">\n\t\t\t<a class=\"elementor-icon\" href=\"https:\/\/mrpseries.com\/episode-6-non-modelers-modeling\/\">\n\t\t\t<i aria-hidden=\"true\" class=\"far fa-arrow-alt-circle-right\"><\/i>\t\t\t<\/a>\n\t\t<\/div>\n\t\t\t\t<\/div>\n\t\t\t\t<\/div>\n\t\t\t\t\t\t<\/div>\n\t\t\t\t\t<\/div>\n\t\t<\/div>\n\t\t\t\t\t\t\t\t<\/div>\n\t\t\t\t\t<\/div>\n\t\t<\/section>\n\t\t\t\t\t\t<\/div>\n\t\t\t\t\t<\/div>\n\t\t<\/div>\n\t\t\t\t\t\t\t\t<\/div>\n\t\t\t\t\t<\/div>\n\t\t<\/section>\n\t\t\t\t<section class=\"elementor-section elementor-top-section elementor-element elementor-element-2bfee3f elementor-section-boxed elementor-section-height-default elementor-section-height-default\" data-id=\"2bfee3f\" data-element_type=\"section\">\n\t\t\t\t\t\t<div class=\"elementor-container elementor-column-gap-default\">\n\t\t\t\t\t\t\t<div class=\"elementor-row\">\n\t\t\t\t\t<div class=\"elementor-column elementor-col-100 elementor-top-column elementor-element elementor-element-23ffc9e\" data-id=\"23ffc9e\" data-element_type=\"column\">\n\t\t\t<div class=\"elementor-column-wrap elementor-element-populated\">\n\t\t\t\t\t\t\t<div class=\"elementor-widget-wrap\">\n\t\t\t\t\t\t<div class=\"elementor-element elementor-element-39e6366 elementor-view-default elementor-widget elementor-widget-icon\" data-id=\"39e6366\" data-element_type=\"widget\" data-widget_type=\"icon.default\">\n\t\t\t\t<div class=\"elementor-widget-container\">\n\t\t\t\t\t<div class=\"elementor-icon-wrapper\">\n\t\t\t<a class=\"elementor-icon\" href=\"https:\/\/mrpseries.com\/\">\n\t\t\t<i aria-hidden=\"true\" class=\"fas fa-home\"><\/i>\t\t\t<\/a>\n\t\t<\/div>\n\t\t\t\t<\/div>\n\t\t\t\t<\/div>\n\t\t\t\t\t\t<\/div>\n\t\t\t\t\t<\/div>\n\t\t<\/div>\n\t\t\t\t\t\t\t\t<\/div>\n\t\t\t\t\t<\/div>\n\t\t<\/section>\n\t\t\t\t\t\t\t\t\t<\/div>\n\t\t\t<\/div>\n\t\t\t\t\t<\/div>\n\t\t","protected":false},"excerpt":{"rendered":"<p>The MRP team learns about \u00c7atalh\u00f6y\u00fck, a Neolithic settlement excavation site for archeologists, and how [&hellip;]<\/p>\n","protected":false},"author":3,"featured_media":0,"parent":0,"menu_order":0,"comment_status":"closed","ping_status":"closed","template":"","meta":[],"_links":{"self":[{"href":"https:\/\/mrpseries.com\/wordpress\/wp-json\/wp\/v2\/pages\/721"}],"collection":[{"href":"https:\/\/mrpseries.com\/wordpress\/wp-json\/wp\/v2\/pages"}],"about":[{"href":"https:\/\/mrpseries.com\/wordpress\/wp-json\/wp\/v2\/types\/page"}],"author":[{"embeddable":true,"href":"https:\/\/mrpseries.com\/wordpress\/wp-json\/wp\/v2\/users\/3"}],"replies":[{"embeddable":true,"href":"https:\/\/mrpseries.com\/wordpress\/wp-json\/wp\/v2\/comments?post=721"}],"version-history":[{"count":16,"href":"https:\/\/mrpseries.com\/wordpress\/wp-json\/wp\/v2\/pages\/721\/revisions"}],"predecessor-version":[{"id":907,"href":"https:\/\/mrpseries.com\/wordpress\/wp-json\/wp\/v2\/pages\/721\/revisions\/907"}],"wp:attachment":[{"href":"https:\/\/mrpseries.com\/wordpress\/wp-json\/wp\/v2\/media?parent=721"}],"curies":[{"name":"wp","href":"https:\/\/api.w.org\/{rel}","templated":true}]}}